e 6) to base 12
-aab2
Convert -1134421343 (base 5) to base 11.
-1553491
Convert 248a26a (base 12) to base 4.
123101303302
-12323032200 (base 4) to base 5
-431043311
Convert -40246111 (base 7) to base 3.
-20021122221101
What is -10110112003 (base 5) in base 12?
-3518ba2
What is -6670462 (base 9) in base 6?
-204532515
Convert -590325 (base 13) to base 15.
-2bb5bc
Convert 90905 (base 11) to base 13.
48623
What is -155446 (base 8) in base 7?
-322364
Convert -11522304 (base 6) to base 11.
-231a39
3509678 (base 11) to base 4
113121033320
What is 13c9a (base 14) in base 3?
2111101212
Convert 2034233 (base 6) to base 14.
27ab3
What is -101111101100010111101 (base 2) in base 3?
-2221101202222
Convert 6657244 (base 9) to base 16.
36a47a
Convert 455ac (base 13) to base 11.
86912
What is 114410011 (base 5) in base 12?
223051
What is 41023231 (base 5) in base 8?
1204130
What is 363712 (base 8) in base 16?
1e7ca
Convert 10222222002201 (base 3) to base 10.
2125108
What is -4202433 (base 6) in base 4?
-301200111
Convert 120300303 (base 5) to base 7.
4504643
Convert 508a0 (base 14) to base 16.
2f4fc
What is 252271 (base 9) in base 3?
21202022101
Convert 1122111010 (base 4) to base 7.
3100453
Convert -63ac7 (base 14) to base 8.
-726337
-5515425 (base 7) to base 13
-1a8c80
Convert 533e9 (base 15) to base 10.
264144
What is -354ca9 (base 13) in base 15?
-1a08e4
What is 63223 (base 10) in base 16?
f6f7
10001111001110000011011 (base 2) to base 13
c84146
Convert -125441340 (base 6) to base 10.
-2509404
Convert 12a6412 (base 13) to base 5.
3000301003
Convert 2210111120 (base 3) to base 7.
316320
What is -2273b0 (base 13) in base 15?
-111a77
Convert -102112211110210 (base 3) to base 6.
-335315420
What is -12212021 (base 5) in base 14?
-30663
Convert 4277382 (base 9) to base 3.
11022121102202
What is 1710713 (base 12) in base 8?
22074377
5652203 (base 9) to base 2
1011100111101000100111
What is -2c07 (base 13) in base 7?
-24513
-1260104 (base 9) to base 8
-2501536
-13b7d (base 15) to base 5
-4011333
What is -46935 (base 16) in base 2?
-1000110100100110101
Convert a720 (base 11) to base 14.
524b
What is 15080215 (base 10) in base 5?
12330031330
Convert -1715664 (base 8) to base 3.
-221022222010
Convert -8c29 (base 16) to base 11.
-24a5a
121021000 (base 3) to base 9
17230
Convert 29b6430 (base 13) to base 2.
110010110100110000111011
What is 110542 (base 11) in base 16?
2b0d7
What is -131522341 (base 6) in base 10?
-2608117
Convert -1412200 (base 10) to base 16.
-158c68
-15a948 (base 14) to base 7
-6311221
Convert b12c (base 13) to base 10.
24374
Convert 1111010001111010101 (base 2) to base 4.
1322033111
-484201 (base 10) to base 14
-c865b
Convert 3ccd (base 15) to base 5.
404033
Convert -26356 (base 8) to base 14.
-4298
What is -514303 (base 7) in base 4?
-111132112
47a3251 (base 12) to base 10
13898653
Convert 110011110120 (base 3) to base 5.
30130301
3067447 (base 8) to base 11
507267
4250513 (base 6) to base 14
56177
Convert 1858a36 (base 12) to base 4.
103130003022
Convert 13321210 (base 6) to base 8.
1547246
What is -298116 (base 11) in base 8?
-1613421
What is -10000010111111010010 (base 2) in base 12?
-21a5aa
What is 32ba740 (base 12) in base 9?
20226633
-1f2dc9 (base 16) to base 5
-1010341322
What is -3442120002 (base 5) in base 15?
-a37352
What is -10000101110001011 (base 2) in base 11?
-47505
Convert 1421b51 (base 14) to base 6.
545125215
What is -421555 (base 7) in base 8?
-215722
What is -300124004 (base 5) in base 12?
-488baa
Convert -56b (base 15) to base 7.
-3401
What is -12709c (base 15) in base 7?
-10342263
Convert -354411 (base 8) to base 10.
-121097
What is 20221111010012 (base 3) in base 6?
211032352
Convert -3a6f49 (base 16) to base 11.
-2186244
-100000000011000001 (base 2) to base 15
-28d60
Convert -100110110101001010010 (base 2) to base 16.
-136a52
-200111120 (base 3) to base 12
-7980
What is 20020443 (base 5) in base 12?
77273
Convert 51b17c (base 14) to base 6.
135040350
What is -4418541 (base 9) in base 3?
-11110122121101
What is 1100111001001101 (base 2) in base 11?
36752
What is -20322031 (base 4) in base 7?
-211252
Convert 870bb (base 13) to base 2.
111011100100110101
What is c4335 (base 13) in base 8?
1257507
Convert 156020661 (base 7) to base 8.
50322415
Convert -1011310132 (base 4) to base 15.
-59b07
What is -2101153 (base 6) in base 11?
-6a188
What is -4b101d (base 14) in base 3?
-11211220111020
Convert 102069 (base 10) to base 14.
292a9
-14411404 (base 5) to base 2
-100101100101111011
What is 1616688 (base 9) in base 3?
1200120202222
88401 (base 10) to base 9
144233
-370878 (base 11) to base 6
-20324101
Convert -18a98 (base 12) to base 7.
-210203
Convert -7459410 (base 10) to base 16.
-71d252
Convert -1111110100000100100011 (base 2) to base 10.
-4145443
What is -1200020110210 (base 3) in base 13?
-2523c6
Convert 256116615 (base 7) to base 5.
13142443113
Convert -10220100001122 (base 3) to base 12.
-83ba08
What is c8a130 (base 15) in base 3?
122222021020000
What is 55b640 (base 12) in base 2?
101001101111011010000
Convert 441243 (base 11) to base 8.
2537604
What is 102210111112000 (base 3) in base 14?
b928d3
1011000001101010110 (base 2) to base 12
155106
What is -1462514 (base 7) in base 15?
-3e4d5
What is -102096 (base 10) in base 4?
-120323100
355337 (base 8) to base 6
2334451
8651240 (base 10) to base 16
8401e8
What is -1bcc12 (base 16) in base 12?
-73a296
What is 601246 (base 7) in base 9?
163874
Convert 11201011100000 (base 3) to base 5.
1120043100
-100100100010111111000 (base 2) to base 11
-748821
What is -78c07 (base 15) in base 4?
-1131301102
8798a (base 16) to base 4
2013212022
-23002203 (base 4) to base 12
-22203
Convert 12f6c7c (base 16) to base 6.
1550113004
Convert 8018816 (base 9) to base 10.
4264584
Convert -63b9cc (base 13) to base 7.
-25612052
1100110010001101000 (base 2) to base 7
3363225
What is 35aa177 (base 11) in base 15?
840a78
Convert 30301322 (base 4) to base 11.
36368
2004242 (base 6) to base 10
94274
3333231 (base 6) to base 11
105188
Convert 2bca18 (base 15) to base 5.
1020242043
Convert -10210112020021 (base 3) to base 9.
-3715207
Convert 3032155 (base 7) to base 9.
610077
Convert 445910 (base 10) to base 7.
3535013
Convert 2e452e (base 16) to base 5.
1234013431
Convert -101111001000111101 (base 2) to base 13.
-69b69
What is -94ab70 (base 12) in base 16?
-23ba04
What is -51013323 (base 6) in base 7?
-15211515
Convert ac3eb (base 15) to base 7.
4440431
18537731 (base 9) to base 5
4343330443
-10021213031 (base 4) to base 11
-683435
Convert -211211001012 (base 3) to base 7.
-3550214
-23321303 (base 4) to base 13
-19265
1872940 (base 10) to base 13
507664
Convert 406503 (base 7) to base 5.
4211114
What is 5425235 (base 7) in base 13?
1a24ab
What is -1010011111011110001 (base 2) in base 10?
-343793
What is 223310203 (base 5) in base 14?
1bc588
1476166 (base 12) to base 6
224401010
What is -ad735 (base 14) in base 7?
-3403065
What is 110100011001001101011 (base 2) in base 12?
6a9663
-232031031 (base 4) to base 2
-101110001101001101
Convert 120121021101 (base 3) to base 12.
129884
Convert 252565 (base 8) to base 10.
87413
59b73 (base 12) to base 7
1012326
What is 142364 (base 8) in base 2?
1100010011110100
900856 (base 13) to base 15
46080a
-71044 (base 11) to base 2
-11001010110111010
-100000100101101111 (base 2) to base 6
-2505555
202022201021 (base 3) to base 7
3254134
What is 27eab1 (base 15) in base 8?
7253347
What is -c0af (base 16) in base 6?
-1020211
Convert -126031 (base 10) to base 15.
-27521
10100010101111100000 (base 2) to base 8
2425740
1441582 (base 10) to base 7
15152602
Convert -6a462 (base 15) to base 2.
-1010010101000111100
Convert a88232 (base 13) to base 15.
533233
Convert -46567 (base 8) to base 15.
-5d21
4422114220 (base 5) to base 7
144213401
-1101100111010000 (base 2) to base 14
-1646c
Convert 1415234134 (base 6) to base 9.
35542834
What is 12303444332 (base 5) in base 12?
4baa349
What is -2204131 (base 6) in base 3?
-12120121001
What is -64006013 (base 7) in base 6?
-312012242
-137378 (base 9) to base 8
-244265
Convert b956a (base 15) to base 9.
1086211
Convert -710d4 (base 15) to base 3.
-200012000101
What is -10002102221 (base 3) in base 13?
-218c2
What is -103718 (base 16) in base 9?
